+ 10*l - 243. What is w(24)?
-3
Let b(i) = 33*i - 54. Calculate b(2).
12
Let l(i) = -2*i**3 - i**2 - i + 1. Calculate l(1).
-3
Let b(p) = -p**3 + 20*p**2 - p + 11. Determine b(20).
-9
Let z(d) = d**3 + 11*d**2 + 8*d - 9. Calculate z(-10).
11
Let x(p) = p**2 + 11*p + 18. Give x(-8).
-6
Let g(w) = 5*w**2 + 21*w - 2. Give g(-4).
-6
Let s(u) = -u**2 + 16*u + 16. Determine s(14).
44
Let r(l) = -3*l**3 + 28*l**2 + 23*l - 23. Determine r(10).
7
Let g(d) = 7*d**2 - 28*d + 16. Calculate g(4).
16
Let i(q) = q**3 - 5*q**2 + 6*q + 3. Determine i(3).
3
Let g(r) = -r**3 - 10*r**2 - 12*r - 18. Calculate g(-9).
9
Let o(a) = 3*a**3 + 42*a**2 - 98*a - 32. Calculate o(-16).
0
Let r(h) = -2*h**2 + 4*h + 8. What is r(5)?
-22
Let k(s) = s**3 - 12*s**2 + s + 8. Calculate k(12).
20
Let a(u) = -u - 1. Determine a(7).
-8
Let j(v) = v**2 + 3*v - 10. What is j(-6)?
8
Let z(t) = -5*t - 82. Determine z(-15).
-7
Let n(u) = 22*u - 266. Calculate n(11).
-24
Let v(q) = -q**2 + 14*q - 2. Determine v(12).
22
Let r(v) = -v**3 + 21*v**2 - 18*v - 17. Give r(20).
23
Let b(q) = q**2 + 2*q - 44. Calculate b(-7).
-9
Let r(v) = 4*v + 2. What is r(-3)?
-10
Let t(a) = 3*a + 3. Give t(-6).
-15
Let a(j) = -j**2 - 22*j + 52. Determine a(-22).
52
Let a(k) = -2*k**3 - 3*k - 2. Give a(-1).
3
Let n(j) = 3*j + 5. Calculate n(-6).
-13
Let i(z) = -4*z**3 + 3*z**2 - 1. Calculate i(2).
-21
Let x(t) = 20*t + 38. Calculate x(-5).
-62
Let j(p) = -14*p + 48. What is j(4)?
-8
Let b(y) = 7*y - 3. Give b(7).
46
Let d(z) = -z**2 - 11*z - 8. Give d(-11).
-8
Let f(r) = 5*r**2 + 4. Give f(-2).
24
Let h(u) = -19*u - 4. What is h(-1)?
15
Let p(z) = z**2 + 9*z - 4. Give p(-6).
-22
Let f(d) = -2*d**3 - 11*d**2 + 7*d - 1. Determine f(-6).
-7
Let x(q) = 13*q**2 - 3*q + 4. Give x(3).
112
Let w(i) = -6*i + 15. Give w(-6).
51
Let n(x) = -2*x**2 + 34*x + 333. Determine n(24).
-3
Let c(q) = q**2 - 20*q - 96. Give c(-4).
0
Let b(c) = -8*c**2 + 2*c + 4. Give b(3).
-62
Let r(u) = 4*u**2 - 11*u - 9. Calculate r(4).
11
Let c(k) = -k**3 + 11*k**2 - 10*k - 128. What is c(6)?
-8
Let s(r) = -34*r - 13. Calculate s(-3).
89
Let g(f) = -f + 10. What is g(6)?
4
Let n(y) = -3*y**2 + 12*y - 4. Calculate n(10).
-184
Let u(x) = x**2 + 11*x. Determine u(-9).
-18
Let r(k) = -k**3 - 6*k**2 - k + 9. Give r(-4).
-19
Let a(o) = -5*o**2 - 62*o + 7. Determine a(-12).
31
Let k(s) = -2*s**3 - 3*s**2 - 7*s + 20. Calculate k(2).
-22
Let j(c) = -c**2 + 5*c + 3. What is j(0)?
3
Let j(g) = 2*g**3 - 9*g**2 + 11*g + 4. Give j(2).
6
Let j(c) = -c**3 + 11*c**2 + 14*c - 17. Give j(12).
7
Let y(b) = b**3 - 18*b**2 - b + 1. Give y(18).
-17
Let n(r) = -42*r**2 - 3*r - 3. Determine n(-1).
-42
Let c(d) = 6*d - 3. Determine c(-2).
-15
Let z(m) = -m**3 - 9*m**2 - 16*m - 56. Give z(-8).
8
Let q(n) = 4*n - 3. What is q(2)?
5
Let r(y) = y**3 - y**2 + 7*y - 21. Determine r(3).
18
Let h(f) = f**3 + 26*f**2 + 142*f - 49. What is h(-18)?
-13
Let r(t) = t**3 - 6*t**2 - 3*t - 6. Give r(7).
22
Let u(j) = j**3 - 4*j**2 + 2*j + 8. Calculate u(4).
16
Let t(a) = -3*a**3 - a. Give t(1).
-4
Let i(n) = 48*n**2 - n + 2. Give i(1).
49
Let g(r) = 3*r**2 + 31*r + 30. Calculate g(-9).
-6
Let f(q) = q**2 - 9*q - 1. What is f(7)?
-15
Let b(m) = 2*m - 10. Calculate b(0).
-10
Let u(n) = -4*n**2 + 7*n - 5. Calculate u(2).
-7
Let a(v) = v**3 + 40*v**2 + 27*v - 467. What is a(-39)?
1
Let z(a) = 31*a + 2. What is z(2)?
64
Let n(h) = -h**2 + 3*h + 5. Give n(4).
1
Let p(y) = y - 25. Determine p(8).
-17
Let r(q) = -q**3 + 16*q**2 - 3*q + 50. Give r(16).
2
Let d(s) = s**3 + 7*s**2 - 16*s - 10. Calculate d(-9).
-28
Let m(r) = -45*r + 24. What is m(0)?
24
Let t(m) = -6*m + 79. What is t(14)?
-5
Let a(h) = 4*h + 78. Give a(-23).
-14
Let w(h) = h**3 + 4*h**2 + h - 1. Give w(-5).
-31
Let z(n) = 12*n**2 - 2*n + 1. Give z(-2).
53
Let x(d) = -d + 13. What is x(-19)?
32
Let z(c) = c**2 - 3*c + 1. Calculate z(-5).
41
Let a(z) = z**2 - 11*z - 5. Determine a(12).
7
Let o(r) = r**3 + 17*r**2 - 18*r + 7. Give o(-18).
7
Let x(r) = r**3 - 8*r**2 + 11*r - 10. What is x(8)?
78
Let s(k) = k**3 + 35*k**2 - 34*k + 64. Determine s(-36).
-8
Let o(c) = c**2 - 6*c - 8. Determine o(8).
8
Let w(i) = i**3 + 5*i**2 + 4. Determine w(-5).
4
Let x(c) = 4*c**2 - 10. What is x(0)?
-10
Let o(i) = -i**2 + 3. Give o(0).
3
Let p(c) = -c**2 + 53*c + 120. Determine p(55).
10
Let z(s) = -s**2 - 24*s - 5. What is z(-10)?
135
Let s(w) = -w**2 + 11*w - 5. Calculate s(5).
25
Let g(h) = h**3 - 8*h**2 + 6*h - 5. What is g(6)?
-41
Let x(n) = -n**2 + 8*n + 34. Determine x(11).
1
Let b(z) = -2*z + 10. What is b(8)?
-6
Let j(q) = 8*q - 4. What is j(1)?
4
Let h(f) = f**3 + 4*f**2 - f + 12. What is h(-5)?
-8
Let u(h) = h**3 + h**2 - 3*h + 1. Give u(2).
7
Let f(t) = -t**2 - 7*t + 3. What is f(-8)?
-5
Let x(h) = -h**2 - 7*h + 88. Calculate x(-14).
-10
Let a(k) = k**2 + 3*k - 52. Give a(-10).
18
Let h(z) = -3*z**2 - 72*z - 8. Calculate h(-24).
-8
Let s(z) = z**3 - 7*z**2 - 5*z + 4. Calculate s(7).
-31
Let b(q) = -43*q**3 + q**2 - 1. Calculate b(1).
-43
Let v(q) = q**3 + 2*q**2 - 4*q + 1. Calculate v(-4).
-15
Let p(w) = -19*w + 34. Give p(3).
-23
Let c(u) = -2*u**2 - 5*u + 9. Determine c(-5).
-16
Let o(x) = -x**3 + 23*x**2 + 22*x + 45. What is o(24)?
-3
Let l(f) = -f**3 - 8*f**2 - 3*f - 11. Give l(-8).
13
Let g(x) = 3*x**3 + 2*x**2 + 1. Calculate g(1).
6
Let a(c) = 5*c - 49. What is a(9)?
-4
Let u(q) = -4*q - 19. What is u(-16)?
45
Let x(w) = w**3 + 21*w**2 + 20*w - 8. Determine x(-20).
-8
Let h(u) = u**2 + 12*u + 6. What is h(-13)?
19
Let j(o) = o**3 + 3*o**2. Determine j(-3).
0
Let x(n) = -45*n + 177. Give x(4).
-3
Let s(y) = -3*y**2 - 23*y - 40. Determine s(-6).
-10
Let z(j) = j**3 - 13*j**2 - 13*j - 4. Give z(14).
10
Let z(j) = -j**2 + 12*j + 2. Determine z(13).
-11
Let h(s) = s**3 + 4*s**2 - 14*s - 33. Calculate h(-6).
-21
Let s(x) = -2*x**2 - 2*x + 15. Calculate s(-5).
-25
Let t(q) = 15*q + 26. Determine t(-4).
-34
Let y(f) = 11*f + 34. Calculate y(-7).
-43
Let a(j) = 50*j + 1. What is a(2)?
101
Let v(c) = 2*c + 55. What is v(-33)?
-11
Let l(x) = x**2 - 12*x - 3. What is l(9)?
-30
Let l(m) = -3*m + 89. Give l(28).
5
Let v(a) = 3*a**2 - 3*a + 5. Calculate v(-5).
95
Let h(b) = 18*b + 6. Determine h(-4).
-66
Let y(j) = -3*j - 2. What is y(7)?
-23
Let a(y) = -86*y - 3. Give a(-1).
83
Let y(j) = -3*j**2 + 13*j + 4. Give y(5).
-6
Let i(o) = -11*o - 330. Give i(-30).
0
Let f(a) = 6*a - 4. What is f(5)?
26
Let o(h) = -h**2 + 11*h + 14. Calculate o(13).
-12
Let s(x) = 2*x**2 - x + 4. Determine s(-4).
40
Let q(l) = -l**2 + 11*l + 9. Give q(11).
9
Let p(v) = -v**3 + 9*v**2 - 9*v + 11. Determine p(8).
3
Let x(r) = 29*r + 186. Calculate x(-8).
-46
Let f(h) = 26*h**3 - 2*h**2 + 1. Calculate f(1).
25
Let n(x) = 2*x**2 - 37*x - 12. Determine n(19).
7
Let f(h) = -4*h**2 - 5*h + 3. What is f(-2)?
-3
Let m(r) = r**3 - 6*r**2 + 6*r + 2. Calculate m(6).
38
Let i(t) = 3*t**2 - 14*t - 7. Give i(4).
-15
Let u(v) = 3*v + 13. What is u(-5)?
-2
Let b(d) = -3*d**2 + 12*d - 3. What is b(-4)?
-99
Let q(p) = p**3 - 2*p**2 - 4*p + 4. Determine q(3).
1
Let i(j) = -16*j - 4. What is i(-3)?
44
Let b(g) = -21*g - 18. Give b(0).
-18
Let b(o) = 3*o**3 - o**2 + 2*o - 1. Give b(1).
3
Let k(a) = -2*a + 13. Determine k(8).
-3
Let v(l) = 8*l + 4. Determine v(-1).
-4
Let k(c) = c**3 + 19*c**2 + 24*c + 81. What is k(-18)?
-27
Let k(g) = g**3 + 15*g**2 + 28*g - 25. What is k(-13)?
-51
Let n(g) = -g**2 + 16*g - 33. Calculate n(4).
15
Let y(x) = 2*x**2 - 4*x - 2. Give y(-3).
28
Let s(z) = z**3 - 2*z**2 + 2. Calculate s(2).
2
Let p(a) = a**3 + 13*a**2 + 15*a - 29. Give p(-11).
48
Let l(h) = -h**3 - 14*h**2 + 2*h - 15. Calculate l(-14).
-43
Let g(y) = -2*y**3 - 15*y**2 - 2*y + 7. Determine g(-6).
-89
Let n(l) = -l**3 - 2*l**2 - 9*l - 29. What is n(-3)?
7
Let h(a) = a**3 + 3*a**2 + 3*a + 4. Determine h(-2).
2
Let j(u) = 9*u - 193. Determine j(22).
5
Let q(w) = -3*w - 17. Give q(-4).
-5
Let n(z) = 32*z + 28. Give n(-1).
-4
Let k(c) = -c**2 - 8*c + 14. Give k(-6).
26
Let d(r) = 5*r + 71. What is d(-13)?
6
Let v(z) = -z**2 - 14*z + 3. Give v(-14).
3
Let v(u) = -u**3 - 12*u**2 - 6*u + 8. Give v(-12).
80
Let y(t) = -61*t - 15. What is y(-1)?
46
Let d(b) = b**3 + 10*b**2 - 11. Give d(-9).
70
Let m(p) = -2*p**2 + 14*p + 94. What is m(-5)?
-26
Let q(c) = -c**3 - 11*c**2 - 12*c - 1. Calculate q(-10).
1